2 + 8*l + 11. Let o be d(-6). Let n = a + o. What are the prime factors of n?
2
What are the prime factors of (-2)/(2/19)*22/(-22)?
19
List the prime factors of 2/(-4) - 2356/(-8).
2, 3, 7
Let z(x) be the first derivative of x**4/4 + 7*x**3/3 + 3*x + 55. Suppose 0*w + 2*i + 1 = -3*w, -3*i = -2*w - 18. What are the prime factors of z(w)?
3, 13
List the prime factors of (-22267)/(-42) - -10 - 2/12.
2, 3, 5
Let a = -10 + 4. Let l = 181 + a. Suppose -4*g = g - l. List the prime factors of g.
5, 7
Let u = 3012 + 3083. List the prime factors of u.
5, 23, 53
Suppose 0 = z + v - 17 + 18, 5*z + 4*v + 9 = 0. Suppose 0 = -3*q - 0*q + 24. Let p = q + z. What are the prime factors of p?
3
Let l(c) = 16*c**2 - 1. Let z be l(-1). Let k(v) = 7*v + z*v + v. List the prime factors of k(1).
23
Let n(j) be the second derivative of -17*j**3/6 + 2*j**2 - 31*j. List the prime factors of n(-3).
5, 11
Suppose 4*v + r + 57 = 0, -3*v - 3*r = -5*r + 51. What are the prime factors of -1 + v/(-20) + (-317)/(-4)?
79
Let g = 5406 - 2882. What are the prime factors of g?
2, 631
Let m be 17 - (2 - 2)*-1. Suppose 19 = -3*l - m. What are the prime factors of (1/4)/(l/(-1392))?
29
Let a = 1911 + -707. List the prime factors of a.
2, 7, 43
List the prime factors of (((-520702)/(-39))/(-14))/((-1)/3).
2861
Suppose 4 = 2*p + 2*p. Let l be p/(4 - 45/12). What are the prime factors of 1 - -30 - (l + -3)?
2, 3, 5
Suppose 8*c = 5*c. Suppose c*x - 4*x = -120. What are the prime factors of ((-330)/25)/((-9)/x)?
2, 11
Suppose -111313 = -14*x - 43329. List the prime factors of x.
2, 607
Suppose -33*o + 25*o = -4632. What are the prime factors of o?
3, 193
List the prime factors of 6/(-408)*8 + 37538/17.
2, 3, 23
Let q(b) = -21*b - 324. What are the prime factors of q(-21)?
3, 13
Let w = 179 + -177. Suppose 23 + 13 = 4*m. Suppose 59 = w*z + m. List the prime factors of z.
5
Suppose -6*x = -2*x - 16. Suppose 1 = -q - r, 0 = 3*q + 8*r - x*r + 7. List the prime factors of q.
3
Let x = 8333 + -3478. What are the prime factors of x?
5, 971
Let d = 30 - 28. Suppose -p - h = -151, 0 = 2*p + d*h + 3*h - 317. Suppose 5*f + 1 = p. What are the prime factors of f?
29
Let q(r) = -r**2 + 13*r + 8. Let d(u) = 2*u**2 - 26*u - 15. Let k(s) = -6*d(s) - 11*q(s). List the prime factors of k(11).
2, 3
Let r(w) = w - 5. Let q be r(5). Suppose 60 = 5*p + 5*n, 2*p = -q*p + 2*n + 20. Let l = p - -10. What are the prime factors of l?
3, 7
List the prime factors of 6 - (-1552 + -5 + 2).
7, 223
Suppose -4*n = 10 - 22. Suppose 10*y - 105 = n*y. List the prime factors of y.
3, 5
Let w(v) = -v**2 - v + 5. Let i be w(0). Suppose 0*m + 125 = i*m + 4*b, b = 2*m - 37. List the prime factors of m.
3, 7
Let k(q) = q**3 + 8*q**2 + 5*q + 4. Let m be k(-3). Suppose 6 = 5*b - m. What are the prime factors of b?
2
What are the prime factors of (-628556)/(-703) - (-4)/(-38)?
2, 3, 149
Let n = 9 + -4. Suppose n = -2*b + 119. List the prime factors of b.
3, 19
Let m be -1*3/(-3)*3. Let l(y) = 4*y + m*y - 2*y - 5 + 7. What are the prime factors of l(9)?
47
Suppose -2*g + 8 - 2 = 0. Suppose -2*l + 1 = -g*q - 5, 4 = -4*l - 2*q. Suppose 2*b - 6*b + 96 = l. List the prime factors of b.
2, 3
Suppose -4*c = -5*s + 7310, -4388 = 2*s - 5*s + 2*c. List the prime factors of s.
2, 733
Let g = -1304 - -4380. What are the prime factors of g?
2, 769
Let f(x) = -x**3 + 28*x**2 + 36*x + 8. What are the prime factors of f(28)?
2, 127
Let u(p) = -2*p. Let a(x) = -10*x - 12. Let l(m) = -2*a(m) - 4*u(m). What are the prime factors of l(5)?
2, 41
List the prime factors of -1*(-1 - -2)*(3 + -4224).
3, 7, 67
Let k(r) = -r**3 + 5*r**2 - 4*r + 5. Let w be k(4). Let y(v) = w - 20 + 16*v + 7. What are the prime factors of y(4)?
2, 7
Let v be (-1 - 1)/(8/(-636)). Suppose -25 = 2*d - v. List the prime factors of d.
67
Let s = 194 - 279. What are the prime factors of s/25 + (-6)/10 + 85?
3
Let x(v) = 4*v**2 + 25*v - 5. What are the prime factors of x(-16)?
619
Let c(r) = r - 2. Let d be c(5). Suppose -64 = -d*k + 158. What are the prime factors of k?
2, 37
Suppose -2*s + 68 = -0*j - j, -4*s + 144 = -4*j. Let w = 214 + s. What are the prime factors of w/4 + (-18)/(-12)?
3, 7
Let u be ((-684)/(-30))/((-3)/(-20)). Let d = u - 72. What are the prime factors of d?
2, 5
Let c be 7 - (-2 + 4 + -1). Let k(i) = -i**3 - i**2 - i + 1. Let q(l) = -7*l**3 - 4*l - 6. Let o(u) = c*k(u) - q(u). List the prime factors of o(7).
47
Suppose -5*y - h + 8 = -y, -2*y = 5*h + 14. Suppose -3*c = c - 152. Suppose -3*u + 65 = -5*k, -y*k - c = -2*u - k. What are the prime factors of u?
3, 5
Let k(p) = p**3 - 2*p - 1. Let m be k(2). Let q be ((-192)/(-10))/(3/15). Suppose q = m*i + i. What are the prime factors of i?
2, 3
Suppose -5*q + 9*o + 1765 = 4*o, -4*o = 2*q - 718. List the prime factors of q.
5, 71
Let i(z) = z**3 - 4*z**2 - 6*z + 7. Let m be i(5). Let t be (-3)/(-3) - (-2 + -5). Let o = m + t. What are the prime factors of o?
2, 5
Suppose 4*n - n + 102 = 3*k, 3*k - 2*n - 103 = 0. Let o = 123 - k. List the prime factors of o/5 - (-6)/15.
2, 3
Let d = -6277 - -9343. What are the prime factors of d?
2, 3, 7, 73
Let a(n) = 8*n**2 - 49*n + 218. List the prime factors of a(-19).
11, 367
Suppose 5*g = -r + 89, -3*r + 7*r + 5*g - 356 = 0. What are the prime factors of r?
89
List the prime factors of 17/((-680)/16) + 24228/20.
7, 173
List the prime factors of (-2 + -8)/((-30)/(-16) + -2).
2, 5
Let v(m) = 4*m**3 - 6*m**2 + 17*m - 63. List the prime factors of v(7).
2, 3, 7
Let s(d) = -5*d - 2. Suppose -c - 1 = 6*q - q, -3*q + 4*c - 19 = 0. Let x be s(q). Suppose -j + x = o, 5*j - 15 = 3*o - 0. List the prime factors of j.
3
Let i = 90 - 104. List the prime factors of (i/(-5))/(20/1450).
7, 29
Let p = -1635 - -3301. List the prime factors of p.
2, 7, 17
Suppose 0 = 7*l - 374 - 900. List the prime factors of l.
2, 7, 13
Let b = -14 - -14. Suppose b = -0*o - o + 2. Suppose -3 = -y + o. List the prime factors of y.
5
Let w be ((-1)/(-2))/(2/(-28)). Let o(r) = -4*r**2 - 12*r + r**2 + 3 + 0*r**2 + 2*r**2. List the prime factors of o(w).
2, 19
Suppose -3*d - 4*j = 166, -2*j + 0 = -d - 52. Let m = 150 + d. What are the prime factors of m?
2, 3
What are the prime factors of (34/6)/((-24)/(-1656))?
17, 23
Let t be 9/(-21) + 3/7. Suppose t = 2*p + 2 - 16. Suppose y - 28 = 3*d - p*d, d = -2*y + 35. What are the prime factors of y?
2
Suppose 0 = u + v + 2 - 3, v = u - 7. Suppose 2 = o - j, -u*o = -5*o - j + 12. What are the prime factors of o?
7
Suppose 0 = 6*p - 15 - 9. Suppose -z + 3*z - 8 = 0. Suppose 0 = 2*k - k - z*a + p, k + 2*a = 20. List the prime factors of k.
2, 3
Suppose 44 = 4*o - 5*u, 6*u + 33 = 3*o + u. Suppose -5*c + d = -190, 176 = 8*c - 4*c + 4*d. Let n = c - o. What are the prime factors of n?
2, 7
Let r(w) = -5*w**3 + 4*w**2 - w + 1. Let y be r(3). Let l = y + 154. What are the prime factors of l?
53
Let j be (732/8)/((-15)/(-20)). Let t be (-27)/9 + 2 + j. Let z = t + -85. What are the prime factors of z?
2, 3
Let s(v) = v**2 + 18*v - 3. Let q be s(-18). What are the prime factors of q/3 - 8*(-10)/4?
19
What are the prime factors of (4578/3 - 9)/1?
37, 41
Let k = -7 + 7. Suppose k = r + 1, -2*v + 22 = -v - 2*r. Let d = v - 6. List the prime factors of d.
2, 7
Suppose 3*w - 2560 = 2486. List the prime factors of w.
2, 29
Let r(q) = 910*q + 64. What are the prime factors of r(4)?
2, 463
Let n(s) = -s**3 + s**2 + 4*s + 1. Suppose -22 = -f - q + 5*q, 5*f = -2*q. Suppose 0 = -3*y + v - f*v - 6, 4*v = 2*y + 18. List the prime factors of n(y).
5
Let s(r) be the second derivative of r**4/2 - 3*r**3/2 + 13*r. What are the prime factors of s(5)?
3, 5, 7
Let m be 1 + 33/44 + (-2)/(-8). Suppose -5*t + 669 = -3*x, -t = 2*t - m*x - 402. What are the prime factors of t?
2, 3, 11
Suppose -12451 = -5*m - 2841. What are the prime factors of m?
2, 31
Suppose 3*g + 5*z - 971 = 0, -g - 5*z + 1288 = 3*g. What are the prime factors of g?
317
Let u be (4/1)/(3 - 1). Suppose -13*o + 16*o - 15 = 0. List the prime factors of o + 1/u*-2.
2
Suppose -40257 = -10*m - 17*m. List the prime factors of m.
3, 7, 71
Suppose -57789 = -35*f + 13821. List the prime factors of f.
2, 3, 11, 31
Suppose 36 = 3*g + 4*b, 2*b + 2 = -4. Let j = -11 + g. List the prime factors of j.
5
Let s(h) = -h**2 - 20*h - 35. Let a be s(-19).